3*m + 21, -7*c - 3*m = -10*c + 18345. What is the units digit of c?
8
Let a(g) = 38*g**3 + g**2 + 2*g + 2. Let k be a(-1). Let l = 37 + k. What is the tens digit of 97 - -9 - (-1 + l)?
0
Suppose -11 = -r - 2*c + 19, 0 = -4*c. Let f = -58 - -81. Let q = r - f. What is the units digit of q?
7
Suppose 2*v - 2 = -y + 1, 0 = 3*y + 15. Let b be 9/(-6) + (-63)/(-14). What is the units digit of ((-11)/b + v)*369?
3
Let v = 656 + -416. Suppose -v*t + 2070 = -230*t. What is the tens digit of t?
0
Suppose 345*i + 80*i - 4143789 = 1496386. What is the tens digit of i?
7
Suppose 15924*f - 100125 = 15915*f. What is the hundreds digit of f?
1
Let o = 39288 - 27824. What is the units digit of o?
4
Let k = 507 + -1858. Let f = -956 - k. What is the hundreds digit of f?
3
Let h = 36 - -4037. What is the hundreds digit of h?
0
Let u(i) = 5 + 2*i + 8*i - 9*i + 5*i. Let h be u(3). Let c(w) = 4*w + 45. What is the tens digit of c(h)?
3
Let n = 239 + -248. Let s(m) be the first derivative of -13*m**2/2 + 9*m + 1. What is the hundreds digit of s(n)?
1
Suppose -129*a + 264094 = -163541. What is the hundreds digit of a?
3
Suppose 0 = 8*p - 1787 + 35. Suppose 0*x + p = 3*x. What is the tens digit of x?
7
Suppose 31*o = 32*o + 11*w - 32178, 5*o - 160578 = -3*w. What is the tens digit of o?
1
Suppose 30101 = 26*u - 104111. What is the units digit of u?
2
Let y(u) be the first derivative of 48*u**2 + 49*u + 29. What is the hundreds digit of y(11)?
1
Suppose 0 = a + 2*r + 12, -r - 12 = 2*a. What is the hundreds digit of 1592/4 - (a + 0)?
4
Let t(j) = j**3 + 6*j**2 - 7*j + 2. Let w be t(-7). Suppose -2*m = 4*b - 9*b - 83, -4*m - w*b + 154 = 0. What is the tens digit of 2724/m + (-4)/(-26)?
7
Let d be 3/((-4)/24*(-4)/(-22)). Let a = 105 + d. What is the units digit of a/2*((-14)/7 - -71)?
7
Let y = 231 - 238. Let a(p) = -38*p - 9. What is the tens digit of a(y)?
5
Suppose -3*a + 2*a = 4*n - 120, 4*a = 0. Let k = n + -39. Let x(j) = -j**3 - 8*j**2 + 6*j + 13. What is the tens digit of x(k)?
4
Let l(t) = -3*t + 41. Let g(j) = -3*j + 40. Let d(w) = -4*g(w) + 5*l(w). Let c be d(13). What is the units digit of (-1)/(-3) - (-154)/c?
6
Let n(v) = 1244*v**2 - 945*v - 6569. What is the units digit of n(-7)?
2
Let n be 2/(-16) - (8 + 171370/(-80)). Suppose -2*i = -4*x - 2111 - 23, 2*i = -x + n. What is the units digit of i?
7
Let r = -217 - -222. Suppose 0 = 4*b - l - 2160, 4*b - 5*l = r*b - 519. What is the tens digit of b?
3
Let h be 11 - (-7 - -3 - 1). What is the units digit of ((-4122)/(-24))/(6/h)?
8
Suppose 184*y - 606909 - 631725 = 139158. What is the tens digit of y?
8
Suppose -32*l + 36*l - 8 = 0, 3*l = -2*q + 15812. What is the tens digit of q?
0
Let y be -17 - (-2)/1 - -1. Let a = 364 + -433. Let n = y - a. What is the units digit of n?
5
Let x(s) = 6*s**2 + 10*s + 20. Let v be x(-2). What is the units digit of 5 + 192*32/v?
1
Let p = 1452 - 635. What is the tens digit of p?
1
Let r(m) = -m**3 - 5*m**2 + 9*m + 11. Let g = -37 - -32. Let c be r(g). What is the tens digit of c/(-51)*243/2?
8
Suppose -26*q + 31*q = -170. Let p = -50 - q. Let r(h) = -h - 11. What is the units digit of r(p)?
5
Suppose -4*a - 128618 = -2*r, -3*r + 4*a = -18730 - 174199. What is the units digit of r?
1
Let o(s) be the first derivative of 85*s**3/3 + 27*s**2/2 - s + 66. What is the hundreds digit of o(-2)?
2
Let q(l) = -945*l - 2577. What is the thousands digit of q(-15)?
1
Suppose 6*v - 2*v = 16. What is the tens digit of 118/((v + -7)/(-4 + 1))?
1
Let f be (3/5)/(8/(-40))*1. Let s be (f - (-8)/3) + 10/3. Suppose -2*y + 3*y - 31 = -3*j, 5*j - 77 = -s*y. What is the tens digit of y?
1
Suppose 54*z - 4850656 = -91*z + 29*z. What is the units digit of z?
6
Let b = -49 - -51. Suppose b*i = 177 - 45. Suppose 0 = 2*z + 2, -48 = -x - 5*z + i. What is the units digit of x?
9
Suppose 5*z = -5*z. Suppose z = 3*k - 41 - 136. Suppose -i = -212 + k. What is the hundreds digit of i?
1
Let x be (-30)/(-3) - (-1)/((-1)/6). Suppose 0 = 2*u - 4*w - 1644, u - 4*w - 4080 = -x*u. What is the tens digit of u?
1
Let h be 1*0/(-2)*1. Suppose h = 4*s - 1491 + 55. What is the hundreds digit of s?
3
Suppose -5*i - y + 4 + 6 = 0, -2*i + 3*y - 13 = 0. Let s be (-22 + 23)/(-1*i/125). What is the tens digit of (36/15)/1*s/(-2)?
5
Let u(i) = -i**3 - i - 3*i - 2 + 24*i**2 - 26*i**2. Let x be (-4)/(-20) + (-52)/10. What is the units digit of u(x)?
3
Suppose 208 = 6*a - 2*a. Let z = 54 - a. What is the tens digit of 8/16 + 147/z?
7
Suppose 77*x - 49*x + 993312 = 76*x. What is the hundreds digit of x?
6
Suppose -3*o - 4*b - 2 = -10, -5*b = 4*o - 11. What is the units digit of (-20)/o*(-136)/5?
6
Suppose 0 = -2*c - 2*s + 51941 + 11079, 5*c = -4*s + 157545. What is the thousands digit of c?
1
Suppose 35 + 21 = 2*a. Let o(v) = 2 + a + 0*v + 2*v - 4*v. What is the units digit of o(0)?
0
Suppose -5*c = -y - 25, 2*y - c = -2*y - 5. Suppose -7*b + 1234 + 2343 = y. What is the units digit of b?
1
Let a(u) = u**2 - 11*u + 5. Let w be a(10). What is the tens digit of w - -1 - (-13 - -9 - 631)?
3
Let b = -22974 - -33664. What is the ten thousands digit of b?
1
Suppose -285*k + 283*k = 4*o - 79542, -3*k = -3*o + 59688. What is the units digit of o?
9
Let k(i) = i**2 + 33*i + 92. Let o be k(-30). Suppose l - 1009 = -o*z, -2*l + 4027 = 2*l + 5*z. What is the thousands digit of l?
1
Let z = 9777 + -8112. What is the thousands digit of z?
1
Let x(b) = -b**3 + 5*b**2 - 10*b + 10. Let i be x(2). Suppose -5*j = 3*z - 1034, 21*j - 22*j - 672 = -i*z. What is the tens digit of z?
3
Suppose x + 3*f = 11134, 14237 - 3113 = x + 5*f. What is the units digit of x?
9
Suppose -13503 - 61222 = -86*b - 2485. What is the hundreds digit of b?
8
Let t(l) = -l**3 + 9*l**2 - 9*l + 4. Let w be t(8). Let q(x) = 21*x**2 + x + 10. What is the hundreds digit of q(w)?
3
Let x be -11 + (-1*7 - (-12)/4). What is the tens digit of ((-8)/(-3) + -3)*55*x?
7
Let c = 697 - 347. Let g = -326 + c. What is the units digit of g?
4
Let s(d) be the second derivative of d**4/3 + 10*d**3/3 + 25*d**2 + 55*d. What is the tens digit of s(10)?
5
Let n(o) = o**3 - 8*o**2 - 39*o - 7. Suppose 13 = -27*s + 28*s. What is the hundreds digit of n(s)?
3
Suppose 0 = 71*z - 224884 - 2588917. What is the units digit of z?
1
Let n = 58 - 75. What is the hundreds digit of ((-382)/(-4) - n)*32/3?
2
Let z(d) = -332*d + 8005. Let p be z(24). Suppose 2*s - 4*s = -498. Let g = s - p. What is the tens digit of g?
1
Let h = 139 + 1325. Let l = h + -666. What is the units digit of l?
8
Suppose 272 = q + 278. What is the units digit of (-8)/36*q*3?
4
Suppose -y = 3*y - z - 22, y + 4*z - 14 = 0. What is the units digit of 3640/28 - y*1?
4
Suppose 7*o + 93715 = -164*o + 2428378. What is the thousands digit of o?
3
Let h(j) = 17*j + 24. Let z be h(-2). Let x(i) = i**3 + 11*i**2 - 26*i - 164. What is the units digit of x(z)?
6
Suppose -27*m - 391 = -1876. What is the tens digit of (-7 - 50/(-5)) + m?
5
Suppose 10 = 3*r - 5. Suppose 2 - r = -p. Suppose p*f + 3*k - 23 = 91, 5*k = 2*f - 41. What is the tens digit of f?
3
What is the thousands digit of (-633 + -13)/((-18)/45)?
1
Suppose l - 353 = -3*p, -2*l + 4*p = -619 - 107. Let x(f) = -f**3 - 2*f**2 - 9*f + 34. Let s be x(-6). Let y = l - s. What is the tens digit of y?
2
Let s(d) = 278*d**2 - 70*d - 426. What is the units digit of s(-4)?
2
Suppose -42*y = 181917 - 700743. What is the units digit of y?
3
Let l(i) = 388*i**2 + 27*i + 1. What is the ten thousands digit of l(7)?
1
Suppose 4*i + 39799 = 12*i + 1839. What is the hundreds digit of i?
7
Let n = 28 - 26. Let l(g) = 2*g**2 - g**3 + n*g**2 - 1 - 2*g**2 + 4*g + 0. What is the units digit of l(-4)?
9
Suppose -d + 75063 = 4*h, 9*d - 74999 = 8*d + 4*h. What is the tens digit of d?
3
Suppose -12 = -782*s + 779*s. Suppose -q - 5 = s*q, 3*x - q = 2782. What is the tens digit of x?
2
Let c(d) be the first derivative of d**4/2 - 7*d**3/3 + 20*d**2 + 7*d + 165. What is the tens digit of c(7)?
3
Let d be (-8)/(-2) + -6 + 4 + -785. Let q = d - -1364. What is the units digit of q?
1
Let f = -39577 + 76436. What is the tens digit of f?
5
Suppose -2*j + 10908 = 4*c, -j - 426*c = -421*c - 5451. What is the hundreds digit of j?
4
Let n = 2820 + 174. Suppose 5*m = 3*p + 3742, 2*p + n = -15*m + 19*m. What is the units digit o